common divisor of 16 and g?
2
Let f = 811 + -755. What is the highest common divisor of 14 and f?
14
Suppose -251 = -u + 5*v, -u = u + v - 557. Let c = u + -101. What is the greatest common factor of c and 25?
25
Let t be 0 + 1 + (83 - -2). What is the highest common factor of 215 and t?
43
Let k = -63 - -93. Let m = k - 24. What is the highest common factor of m and 42?
6
Let f = 399 + 52. What is the highest common factor of f and 41?
41
Let w = -161 - -165. Calculate the greatest common divisor of 4 and w.
4
Suppose k + 3*k - 131 = -5*n, 3 = -3*n. Calculate the highest common divisor of k and 85.
17
Suppose -3*z = -9*z. Suppose 3*y + 1 + 11 = z. Let f(w) = -w**2 - 4*w + 4. Let r be f(y). What is the greatest common divisor of 4 and r?
4
Let c be 15*5*3/15. What is the greatest common factor of 12 and c?
3
Let t = 7 - -29. Let y(k) = 2*k + 6. Let z be y(3). Calculate the highest common factor of z and t.
12
Let l = 117 - 81. Let u be 42/l + 1/(-6). Let y be (0 + u)/((-5)/(-70)). Calculate the highest common divisor of y and 21.
7
Suppose 0*w - w + 5 = 2*h, 0 = 3*h + 9. Let s(n) = -2*n + 24. Let a be s(-32). Calculate the greatest common divisor of a and w.
11
Let j = 2 + -17. Let b be (-369)/j - (-4 + 69/15). What is the highest common factor of 8 and b?
8
Suppose 4*n = 9 + 15. Let j(r) = 16*r + 2. Let f be j(-2). Let i be 3/((f/(-4))/5). What is the highest common divisor of n and i?
2
Let k be 50 + (-1 - -1*1). Suppose -2*n - 2*p - p = -25, n = -3*p + 5. Let l be ((-6)/12)/(-1)*n. What is the highest common factor of l and k?
10
Let g = -3 + 3. Let i = 13 - g. Let r = 40 - i. Calculate the greatest common factor of r and 9.
9
Let p be (2 + -1 + 11)/1. Suppose 5*h = 3*b - 5*b + 194, -5*h = 3*b - 191. Let m = 88 - h. What is the greatest common divisor of p and m?
12
Let x be 0/((-1 + 2)*-3). Suppose -10*s + 3*s + 7 = x. What is the highest common factor of s and 1?
1
Let p = 398 - 28. Calculate the highest common factor of 20 and p.
10
Let b = 208 - 113. Let n = -53 + b. What is the greatest common divisor of 6 and n?
6
Suppose -77 = -3*n - 5*x, 3*x - 6 - 6 = 0. Let t(d) = 10*d + 108. Let j be t(-7). Calculate the greatest common factor of j and n.
19
Let a be (-7)/(-2)*20/35. Let w(i) = -i + 3*i**2 + 2 - 6*i**a + 8*i**2. Let v be w(2). Calculate the greatest common factor of 50 and v.
10
Suppose -8*v + 2*k = -5*v - 2416, 0 = 2*k + 4. What is the highest common factor of 12 and v?
12
Let s(p) = 3*p**2 + 19*p + 77. Let v be s(-7). What is the greatest common divisor of v and 26?
13
Let w(b) = 332*b + 1. Let t = -2 + 4. Let p be w(t). Suppose 0 = -6*l + p + 343. What is the greatest common divisor of 24 and l?
24
Let h be (-10)/35 - 256/(-14). Let y be (-8)/6*h/(-1). Calculate the highest common divisor of y and 8.
8
Let o be 288*1*4/8. What is the greatest common divisor of o and 180?
36
Let o(p) = -p**3 - 2*p**2 + 8*p - 9. Let v be o(-5). Let q = -6 + 34. Let z = q - v. What is the highest common factor of z and 18?
2
Let u(g) = -g**2 + 6*g + 34. Let r be u(14). Suppose -10 = -5*z - 0. Let o be ((-4)/z)/(6/r). What is the highest common divisor of 65 and o?
13
Let t be ((-72)/28)/(2/(-7)). What is the greatest common factor of t and 9?
9
Suppose 12*p = -1315 - 389. Let j = -88 - p. Calculate the highest common divisor of 135 and j.
27
Let m = 64 + -36. Let h(w) be the first derivative of w**4/4 + 2*w**3/3 - 3*w**2/2 + 4*w + 2. Let n be h(-3). Calculate the highest common factor of m and n.
4
Suppose 0 = 2*l + d - 52, -4*l - 3*d + 48 = -2*l. Let p = 13 + l. What is the greatest common factor of 16 and p?
8
Let n be (-1*56/(-2))/2. Suppose 5*t + 4*k - 140 = 0, 0 = -5*t + 3*k + 95 + 45. What is the highest common factor of t and n?
14
Let g(b) = -b**2 - 12*b - 19. Let m be g(-5). Calculate the greatest common divisor of m and 88.
8
Suppose -v = 3*v - 288. Let f be 2/(-24)*-50 - 1/6. Let o(s) = -4*s + 25. Let q be o(f). Calculate the highest common divisor of q and v.
9
Let v(u) = u**2 - u. Let q(h) = -3*h - 22. Let m be q(-9). Let o be v(m). Calculate the highest common factor of 20 and o.
20
Let p(y) = -y**2 - 9*y - 4. Let r be p(-4). Suppose u + 4 = 3*f, -u - 7 = -5*f + 5. Calculate the greatest common factor of u and r.
8
Suppose 10*n = 30*n - 40. Suppose 0 = 3*f - 2*f - 16. What is the greatest common divisor of n and f?
2
Suppose 3*r - 40 = f, r - 3*r + 5*f + 44 = 0. What is the highest common divisor of 15 and r?
3
Suppose -5*w + 44 = 49. Let x be (w - (3 + -1))*-2. Calculate the highest common divisor of x and 42.
6
Let d be (-363)/(-8) + (-207)/552. Calculate the highest common divisor of d and 1335.
15
Suppose 0 = 4*d - 58 - 74. Let f(r) = r**3 + 7*r**2 + 5*r - 3. Let p be f(-5). Calculate the highest common factor of d and p.
11
Let j = 1 - -1. Suppose -3 = -a + j. Suppose u + a*u = 96. Calculate the greatest common divisor of 8 and u.
8
Let d be (9/18)/((-1)/(-46)). Let i = 427 - 220. What is the highest common divisor of d and i?
23
Let u be (-39)/7 + 30/(-70). Let w(s) = 2*s**2 - s - 2. Let z be w(-1). Let y be (9/u)/(z/(-4)). What is the greatest common factor of 60 and y?
6
Let p(q) = q**2 + 46*q + 33. Let g be p(-51). What is the greatest common factor of 9 and g?
9
Let x(d) = d**2 + 3*d + 7. Let h be x(-6). Let a = 483 - 233. Calculate the highest common factor of a and h.
25
Suppose 0 = -3*g - 8 - 4. Let v be (-2 - (g - -4))/(1/(-51)). What is the highest common divisor of 68 and v?
34
Suppose -11*s + 23 = -98. Let z(i) = -75*i**2 + i - 1. Let y be z(1). Let u = -20 - y. What is the greatest common divisor of s and u?
11
Suppose -34*t = -41*t + 1001. Calculate the greatest common factor of 11 and t.
11
Let f be (-2)/5 - 127/(-5). Let t = 34 - 30. Suppose 7*k - t*k - 15 = 0. Calculate the highest common divisor of k and f.
5
Let o = 47 - 42. Let c be ((-5)/15)/(o/(-135)). Calculate the highest common divisor of c and 1.
1
Let g(l) = -l**3 + 9*l**2 - 27*l + 59. Let w be g(6). Let h be (30/(-4))/(1/(-2)). What is the highest common factor of w and h?
5
Let u(d) = d + 6. Let z be u(-6). Let w = z + 1. Let v = -1462 - -1470. What is the highest common factor of v and w?
1
Let h be 4/(-6) + 9 + (-3115)/(-15). Calculate the greatest common divisor of 32 and h.
8
Let p(o) = -o**3 + 13*o**2 - 13*o + 1. Let c be p(7). Let z = c + -132. Let r(w) = 2*w**2 + 4*w. Let n be r(4). Calculate the highest common divisor of z and n.
24
Let s = 7 - 5. Let p be s/6 + (-272)/(-3). Let z = -15 + 28. What is the greatest common divisor of z and p?
13
Suppose 4*h - u = 499 + 302, 3*u - 597 = -3*h. Calculate the greatest common divisor of 140 and h.
20
Let l = 772 + -712. Suppose -2*q + q + 24 = 0. What is the greatest common divisor of l and q?
12
Let m = -1362 + 1412. Calculate the highest common divisor of m and 140.
10
Suppose -19 - 365 = -6*y. What is the greatest common factor of 416 and y?
32
Suppose -235*y + 19383 = -22*y. Suppose 2*v - 2 = -0, -v - 74 = 3*d. Let g = d + 38. Calculate the highest common factor of g and y.
13
Let b = -169 - -186. What is the greatest common factor of b and 119?
17
Let i be 10*4 + (-7)/(-7). Suppose i = 2*a - 19. Calculate the greatest common divisor of 15 and a.
15
Suppose 4*l + a = 4, 6*a - 4 = 3*l + 5*a. Suppose -4*k + k + 3*n = -27, l = -k - 4*n - 11. Calculate the highest common divisor of k and 65.
5
Suppose -5*q = -12 - 13. Let r(b) = -b**2 - 3*b - 3. Let g be r(-2). Let m(c) = 40*c**2 - 2*c - 2. Let o be m(g). What is the highest common factor of q and o?
5
Let m be ((-136)/(-51))/(1/39). Let t = 62 + -29. Let w = t + -20. What is the greatest common factor of m and w?
13
Suppose -2*x - 13 = -8*i + 3*i, 0 = 4*x + 3*i + 39. Let a be (x + 10)/(2/56). Calculate the highest common factor of a and 70.
14
Let u be (4/6)/((-48)/(-3096)). Let f = -27 + u. Calculate the greatest common divisor of 176 and f.
16
Let b(j) = -2*j + 28. Let l be b(-9). Let x be l/4 - (2/(-4) - 0). Let k be 0/(-1) + -2 + 8. Calculate the highest common factor of k and x.
6
Suppose -8*h + 255 = -3*h. Suppose -c - 3 = -h. Suppose -4*f - 3*r + 54 = 0, f + 1 = -5*r + 23. Calculate the greatest common factor of f and c.
12
Let w = -5846 + 5863. Let p = -782 - 49. Let x be 2/7 - p/7. What is the highest common factor of w and x?
17
Let z